{"id":676,"date":"2019-01-15T08:36:06","date_gmt":"2019-01-15T08:36:06","guid":{"rendered":"https:\/\/iiba.si\/workshops\/?page_id=676"},"modified":"2025-10-20T14:14:41","modified_gmt":"2025-10-20T14:14:41","slug":"gdpr-in-iso-27001-v-luci-ba","status":"publish","type":"page","link":"https:\/\/iiba.si\/workshops\/vstopna\/gdpr-in-iso-27001-v-luci-ba\/","title":{"rendered":"Kako varovati podatke v digitalnem svetu &#8211; GDPR in ISO 27001 v lu\u010di BA"},"content":{"rendered":"\n<h2 class=\"wp-block-heading\">Kako poslovna analitika pomaga PDO in strokovnjakom za varovanje IS?<\/h2>\n\n\n\n<p>Veliko podjetij (posebej majhna in srednje velika) nimajo zadostnih znanj in strokovnjakov, da bi pokrivala podro\u010dja varovanja osebnih podatkov (GDPR &#8211; General Data Protection Regulation) in varovanja informacijskih sistemov (ISO 27001). <br><br>ISO 27001 je okvir za varovanje informacij z vidika podjetja, GDPR pa skrbi za varovanje osebnih podatkov, katere morajo vse organizacije za\u0161\u010dititi. Posameznik z GDPR pridobiva veliko pravic, ki jih moramo v podjetju poznati in jih posamezniku tudi zagotoviti. Znanje posameznikov o varstvu podatkov bo z leti nara\u0161\u010dalo, ozave\u0161\u010denost pa bo vsak dan ve\u010dja. Zato se je treba na zahteve okolja ustrezno pripraviti.<\/p>\n\n\n\n<h3 class=\"wp-block-heading\" id=\"za_koga\"><strong>Glavni poudarki delavnice<\/strong><\/h3>\n\n\n\n<ul class=\"wp-block-list\">\n<li>Kako poiskati dele\u017enike v procesih varovanja in za\u0161\u010dite?<\/li>\n\n\n\n<li>Kako odkriti pomembne povezave med GDPR in ISO 27001?<\/li>\n\n\n\n<li>Ali obstaja med standardom in EU direktivo kak\u0161na sinergija?<\/li>\n\n\n\n<li>Ali se zavedamo kak\u0161ne ukrepe moramo sprejeti v primeru incidentov?<\/li>\n\n\n\n<li>Kje so prilo\u017enosti za izbolj\u0161avo procesov varovanja?<\/li>\n\n\n\n<li>Kak\u0161ni so vplivi dele\u017enikov na procese varovanja in za\u0161\u010dite?<\/li>\n\n\n\n<li>Kako dolo\u010diti prioritetne naloge za \u010dim bolj kvalitetno uvajanje sprememb v organizacijo?<\/li>\n\n\n\n<li>Kako uporabiti BACC model pri uvajanju in spremljanju izvajanja GDRP in ISO 27001?<\/li>\n\n\n\n<li>Kaj moramo in kaj lahko naredimo?<\/li>\n<\/ul>\n\n\n\n<h3 class=\"wp-block-heading\" id=\"za_koga\"><strong>Komu je delavnica namenjena?<\/strong><\/h3>\n\n\n\n<ul class=\"wp-block-list\">\n<li>PDO (Data Protection Officer) \u2013 skrbnikom za varovanje osebnih podatkov<\/li>\n\n\n\n<li>Skrbnikom informacijskih sistemov<\/li>\n\n\n\n<li>Vodjem digitalizacije<\/li>\n\n\n\n<li>Poslovnim analitikom<\/li>\n\n\n\n<li>Vodstvu podjetij<\/li>\n\n\n\n<li>Kadrovikom<\/li>\n<\/ul>\n\n\n\n<h3 class=\"wp-block-heading\" id=\"kaj_pridobite\"><strong>Zakaj te delavnice zares ne smete zamuditi<\/strong><\/h3>\n\n\n\n<ul class=\"wp-block-list\">\n<li>Ker je klju\u010dnega pomena ugotoviti kaj vse potrebujemo na podro\u010dju varovanja informacijskih sistemov in osebnih podatkov.<\/li>\n\n\n\n<li>Ker si s poznavanjem sinergij med ISO 27001 in GDPR skraj\u0161amo postopke obdelave, nadzora in komunikacij, ter na ta na\u010din zmanj\u0161amo stro\u0161ke izvajanja nadzora.<\/li>\n\n\n\n<li>Ker je s poznavanjem sistema mo\u017eno takoj dati odgovore poslovnim partnerjem in strankam.<\/li>\n\n\n\n<li>Ker se lahko izognete kaznim, ki so predvidene v EU GDRP direktivi.<\/li>\n<\/ul>\n\n\n\n<h3 class=\"wp-block-heading\"><strong>Kratek opis delavnice (vsebina)<\/strong><\/h3>\n\n\n\n<p>Delavnica je narejena tako, da s pomo\u010djo tehnik poslovne analitike in BACC modela i\u0161\u010demo dele\u017enike in njihove potrebe ter vplive na organizacijo, izdelamo seznam prioritetnih nalog in se nau\u010dimo izdelovati dolo\u010dena gradiva za GDRP in ISO 27001, ki bosta izbolj\u0161ala implementacijo uvajanja tako GDRP kot tudi ISO 27001.<br><br>Udele\u017eenci delavnice dobijo na delavnici primerjavo \u010dlenov GDRP in ISO 27001 kontrol, ter na\u010drt uvajanja posameznih sistemov.<\/p>\n\n\n\n<h3 class=\"wp-block-heading\"><strong>&nbsp;Predavatelj<\/strong><\/h3>\n\n\n\n<p>Erih Sko\u010dir, sekretar IIBA Slovenija, magister informatike, ki se po nekajletnem obdobju pedago\u0161kega dela ves \u010das ukvarja z razvojem in graditvijo informacijskih sistemov s posebnim poudarkom na podro\u010dju dela dr\u017eavnih organov, bank in zavarovalnic. S svojimi izku\u0161njami je veliko prispeval pri graditvi in razvoju posameznih informacijskih sistemov (Informacijski sistem Dr\u017eavnega zbora RS, Vlade  RS itd.), javnih baz podatkov v slovenskem prostoru in popularizaciji sodobnih sredstev informatike ter njihovem pribli\u017eevanju kon\u010dnim uporabnikom. Od konca devetdesetih je gradil informacijski sistem na podro\u010dju ban\u010dni\u0161tva in zavarovalni\u0161tva v Slovenski izvozni dru\u017ebi in sodeloval pri ustanovitvi SID Banke, SID \u2013 Prve kreditne zavarovalnice in dru\u017ebe Prokolekt. Trenutno deluje kot svetovalec na podro\u010dju razvoja in rein\u017eineringa informacijskih sistemov, uvajanju BPM sistemov in popularizaciji poslovne analitike. Je tudi ustanovni \u010dlan dru\u0161tva IIBA Slovenija.<\/p>\n\n\n\n<h3 class=\"wp-block-heading\"><strong>&nbsp;Lokacija in termin<\/strong><\/h3>\n\n\n\n<p>Delavnica traja\u00a0 6 \u0161olskih ur in jo lahko izvedemo v \u017eivo ali virtualno.<\/p>\n\n\n\n<h3 class=\"wp-block-heading\"><strong>&nbsp;Cena<\/strong><\/h3>\n\n\n\n<p>250 EUR + 22% DDV s pla\u010dilom najkasneje dan pred za\u010detkom delavnice (velja za odprto izvedbo). <\/p>\n\n\n\n<h3 class=\"wp-block-heading\"><strong>&nbsp;Prijava<\/strong><\/h3>\n\n\n\n<p>Prijavite se lahko preko prijavnega obrazca na desni strani, ali na elektronski naslov: <a href=\"mailto:katarina.veselic@slovenia.iiba.org\">katarina.veselic@slovenia.iiba.org.<\/a><\/p>\n\n\n\n<h3 class=\"wp-block-heading\"><strong>&nbsp;Ostale informacije<\/strong><\/h3>\n\n\n\n<p>Delavnico lahko izvedemo tudi pri vas interno, lahko tudi v povezavi z va\u0161im konkretnim projektom. <\/p>\n","protected":false},"excerpt":{"rendered":"<p>Kako poslovna analitika pomaga PDO in strokovnjakom za varovanje IS? Veliko podjetij (posebej majhna in srednje velika) nimajo zadostnih znanj in strokovnjakov, da bi pokrivala podro\u010dja varovanja osebnih podatkov (GDPR &#8211; General Data Protection Regulation) in varovanja informacijskih sistemov (ISO 27001). ISO 27001 je okvir za varovanje informacij z vidika podjetja, GDPR pa skrbi za [&hellip;]<\/p>\n","protected":false},"author":2,"featured_media":0,"parent":2,"menu_order":0,"comment_status":"closed","ping_status":"closed","template":"","meta":{"footnotes":""},"class_list":["post-676","page","type-page","status-publish","hentry"],"_links":{"self":[{"href":"https:\/\/iiba.si\/workshops\/wp-json\/wp\/v2\/pages\/676","targetHints":{"allow":["GET"]}}],"collection":[{"href":"https:\/\/iiba.si\/workshops\/wp-json\/wp\/v2\/pages"}],"about":[{"href":"https:\/\/iiba.si\/workshops\/wp-json\/wp\/v2\/types\/page"}],"author":[{"embeddable":true,"href":"https:\/\/iiba.si\/workshops\/wp-json\/wp\/v2\/users\/2"}],"replies":[{"embeddable":true,"href":"https:\/\/iiba.si\/workshops\/wp-json\/wp\/v2\/comments?post=676"}],"version-history":[{"count":25,"href":"https:\/\/iiba.si\/workshops\/wp-json\/wp\/v2\/pages\/676\/revisions"}],"predecessor-version":[{"id":2603,"href":"https:\/\/iiba.si\/workshops\/wp-json\/wp\/v2\/pages\/676\/revisions\/2603"}],"up":[{"embeddable":true,"href":"https:\/\/iiba.si\/workshops\/wp-json\/wp\/v2\/pages\/2"}],"wp:attachment":[{"href":"https:\/\/iiba.si\/workshops\/wp-json\/wp\/v2\/media?parent=676"}],"curies":[{"name":"wp","href":"https:\/\/api.w.org\/{rel}","templated":true}]}}