{"id":381,"date":"2018-09-19T09:40:11","date_gmt":"2018-09-19T09:40:11","guid":{"rendered":"https:\/\/iiba.si\/workshops\/?page_id=381"},"modified":"2025-10-20T14:15:41","modified_gmt":"2025-10-20T14:15:41","slug":"od-vitkih-procesov-do-vitke-druzbe","status":"publish","type":"page","link":"https:\/\/iiba.si\/workshops\/vstopna\/od-vitkih-procesov-do-vitke-druzbe\/","title":{"rendered":"Od vitkih procesov do vitke dru\u017ebe"},"content":{"rendered":"<h2>Prakti\u010dna delavnica \u2013 primeri iz Japonske<\/h2>\n<p>Vitka proizvodnja (ang. <strong>Lean Production<\/strong> oziroma kraj\u0161e samo LEAN) v svoji osnovi izvira iz obdobja prej\u0161njega stoletja, ko je postala znana \u0161ir\u0161i javnosti preko pojma Toyota Lean Production. Postala je sinonim za na\u010din neprestanega izbolj\u0161evanja na\u0161ega dela preko odprave izgub in neu\u010dinkovitosti, ki jih imamo v delovnih procesih. Z leti se je raz\u0161irila tudi na podro\u010dje storitev in vitkost je prerasla v \u0161ir\u0161i koncept dela. A ker kot metodologija izvira iz daljnega vzhoda (Japonske), se je v vsaki posamezni dr\u017eavi malce prilagodila, izjalovila ali zdru\u017eila s kak\u0161no bolj lokalno tehniko. Zato je zelo zanimivo v\u010dasih narediti primerjavo in v samem izvoru preveriti, kako je tam razvoja, uporablja in koristi posamezniku in dru\u017ebi. Zato je bil leto\u0161nji obisk Japonske kot nala\u0161\u010d, da na\u0161e poznavanje in izku\u0161nje primerjamo z njihovimi. Porodila se je ideja za delavnico izku\u0161nje, na kateri bom prakti\u010dno posku\u0161al pokazati principe vitkih procesov, vitke organizacije in vitke dru\u017ebe na malce bolj dinami\u010den, slikovit in okusen na\u010din. Dobesedno!<\/p>\n<h3 id=\"za_koga\"><strong>Komu je delavnica namenjena?<\/strong><\/h3>\n<ul>\n<li>Vsem, ki se pri delu sre\u010dujete s strankami<\/li>\n<li>Vsem, ki ste radovednega duha<\/li>\n<li>Zaposlenim v marketingu in prodaji<\/li>\n<li>Skrbnikom kupcev in produktnim vodjem<\/li>\n<li>Poslovnim analitikom<\/li>\n<li>UX designerjem<\/li>\n<\/ul>\n<h3 id=\"kaj_pridobite\"><strong>Zakaj te delavnice zares ne smete zamuditi<\/strong><\/h3>\n<ul>\n<li>Ker ni vse v teoriji, v\u010dasih je potrebno pogledati na \u017eivljenje iz perspektive posameznika in uporabnosti znanja zanj.<\/li>\n<li>Ker \u017eelite ustvariti bolj\u0161e pogoje za va\u0161e delo in \u017eivljenje, tako v poslovnem kot doma\u010dem okolju.<\/li>\n<li>Ker to ni klasi\u010dna delavnica, ampak stavi na celotno uporabni\u0161ko izku\u0161njo, ki jo je vredno preskusiti.<\/li>\n<\/ul>\n<h3><strong>Kratek opis delavnice (vsebina)<\/strong><\/h3>\n<p>Za ogrevanje bomo spoznali temeljne pojme in principe optimizacije vitkosti. Nato bomo po\u010dasi na prakti\u010dnih primerih spoznavali pojavne oblike le teh v de\u017eeli izvora ter jih primerjali z na\u0161imi lokalnimi uporabami in izku\u0161njami.<\/p>\n<h3><i class=\"fa fa-cogs text-warning\" aria-hidden=\"true\"><\/i>\u00a0<strong>Metode dela (potek dela)<\/strong><\/h3>\n<p>Po vzpostavljenem razumevanju osnov vitkosti (procesov, organizacije dru\u017ebe, posameznika) bo delavnica sledila posameznim elementom metodologije in jih predstavila v lu\u010di na\u0161ega doma\u010dega okolja v primerjavi z avtenti\u010dnim okolje dr\u017eave izvora (Japonske). Zaklju\u010dimo s Q&amp;A ob dobri izku\u0161nji degustacije v \u017eivo.<\/p>\n<h3><i class=\"fa fa-microphone text-warning\" aria-hidden=\"true\"><\/i><strong>\u00a0Predavatelj<\/strong><\/h3>\n<p><strong>Andrej Gu\u0161tin<\/strong>, kot svetovalec in zunanji sodelavec \u017ee ve\u010d kot 20 let pomaga podjetjem razli\u010dnih velikosti pri procesnih optimizacijah in izbolj\u0161avah. V sklopu poslovnega delovanja v \u0161ir\u0161em okolju predava na \u0161tevilnih doma\u010dih in mednarodnih konferencah, redno pa kot gost iz gospodarstva deli znanje in izku\u0161nje z diplomskimi in podiplomskimi \u0161tudenti. Rad potuje po svetu, kolesari in se potaplja. Nazadnje je obiskal Japonsko :).<\/p>\n<h3><i class=\"fa fa-map-o text-warning\" aria-hidden=\"true\"><\/i><strong>\u00a0Lokacija in termin<\/strong><\/h3>\n<p>Delavnica traja 3 ure in poteka v \u017eivo.<\/p>\n<h3><i class=\"fa fa-money text-warning\" aria-hidden=\"true\"><\/i><strong>\u00a0Cena<\/strong><\/h3>\n<p>109 EUR + 22% DDV (velja za odprto izvedbo).<\/p>\n<h3><i class=\"fa fa-sign-in text-warning\" aria-hidden=\"true\"><\/i><strong>\u00a0Prijava<\/strong><\/h3>\n<p>Prijavite se lahko preko prijavnega obrazca na desni strani, ali na elektronski naslov: <a href=\"mailto:katarina.veselic@slovenia.iiba.org\">katarina.veselic@slovenia.iiba.org<\/a>.<\/p>\n<h3><i class=\"fa fa-info-circle text-warning\" aria-hidden=\"true\"><\/i><strong>\u00a0Ostale informacije<\/strong><\/h3>\n<p>Delavnica bo potekala v tipi\u010dnem okolju vitke organizacije, vklju\u010dno s spoznavanjem dolo\u010denih tradicionalnih elementov japonske kulture, kot so sushi, sashimi, sake in podobno.<\/p>\n<h3><strong>Udele\u017eenci pravijo:<\/strong><\/h3>\n<p>&#8220;<em>Delavnica mi je bila zelo v\u0161e\u010d. Sem namre\u010d zagovornik, da se vse jemlje iz resni\u010dnega \u017eivljenja in postavlja v real life ter ne mlati prazne slame z neko zguljeno teorijo.<\/em>&#8221;<\/p>\n<p>&#8220;<em>Moram priznati, da mi je ta koncept prena\u0161anja vsebine zelo v\u0161e\u010d. Bilo je zelo zanimivo, zabavno in seveda najpomembneje s koristno vsebino.<\/em>&#8221;<\/p>\n<p>&#8220;<em>Super je bilo, meni je bilo odli\u010dno, videti real case skozi direktni pogled<\/em>.&#8221;<\/p>\n<p>&#8220;<em>Meni je bilo super. Koncept, da iz realnega zivljenja, kar vidis &#8220;na ulici&#8221; povezat v zgodbo lean mi je bilo full dobr. Vse pohvale.<\/em>&#8221;<\/p>\n<p>&#8220;<em>Bilo je lu\u0161tno in zelo zanimivo. Krasna analogija Lean na realno \u017eivljenje. Glede whisky-ja: itak<\/em> \ud83d\ude42<em>.<\/em>&#8221;<\/p>\n<h3><strong>Foto utrinki\u00a0<\/strong><\/h3>\n<div id='gallery-1' class='gallery galleryid-381 gallery-columns-3 gallery-size-thumbnail'><figure class='gallery-item'>\n\t\t\t<div class='gallery-icon portrait'>\n\t\t\t\t<a href='https:\/\/iiba.si\/workshops\/vstopna\/od-vitkih-procesov-do-vitke-druzbe\/sputnik_japonska\/'><img loading=\"lazy\" decoding=\"async\" width=\"200\" height=\"200\" src=\"https:\/\/iiba.si\/workshops\/wp-content\/uploads\/2018\/11\/Sputnik_japonska-200x200.jpg\" class=\"attachment-thumbnail size-thumbnail\" alt=\"\" \/><\/a>\n\t\t\t<\/div><\/figure><figure class='gallery-item'>\n\t\t\t<div class='gallery-icon landscape'>\n\t\t\t\t<a href='https:\/\/iiba.si\/workshops\/vstopna\/od-vitkih-procesov-do-vitke-druzbe\/ppt_japonska\/'><img loading=\"lazy\" decoding=\"async\" width=\"200\" height=\"200\" src=\"https:\/\/iiba.si\/workshops\/wp-content\/uploads\/2018\/11\/ppt_Japonska-200x200.jpg\" class=\"attachment-thumbnail size-thumbnail\" alt=\"\" srcset=\"https:\/\/iiba.si\/workshops\/wp-content\/uploads\/2018\/11\/ppt_Japonska-200x200.jpg 200w, https:\/\/iiba.si\/workshops\/wp-content\/uploads\/2018\/11\/ppt_Japonska-350x350.jpg 350w, https:\/\/iiba.si\/workshops\/wp-content\/uploads\/2018\/11\/ppt_Japonska-768x765.jpg 768w, https:\/\/iiba.si\/workshops\/wp-content\/uploads\/2018\/11\/ppt_Japonska-840x837.jpg 840w\" sizes=\"auto, (max-width: 200px) 100vw, 200px\" \/><\/a>\n\t\t\t<\/div><\/figure><figure class='gallery-item'>\n\t\t\t<div class='gallery-icon portrait'>\n\t\t\t\t<a href='https:\/\/iiba.si\/workshops\/vstopna\/od-vitkih-procesov-do-vitke-druzbe\/img-0719\/'><img loading=\"lazy\" decoding=\"async\" width=\"200\" height=\"200\" src=\"https:\/\/iiba.si\/workshops\/wp-content\/uploads\/2018\/11\/IMG-0719-e1542967323963-200x200.jpg\" class=\"attachment-thumbnail size-thumbnail\" alt=\"\" \/><\/a>\n\t\t\t<\/div><\/figure><figure class='gallery-item'>\n\t\t\t<div class='gallery-icon landscape'>\n\t\t\t\t<a href='https:\/\/iiba.si\/workshops\/vstopna\/od-vitkih-procesov-do-vitke-druzbe\/img-0713-2\/'><img loading=\"lazy\" decoding=\"async\" width=\"200\" height=\"200\" src=\"https:\/\/iiba.si\/workshops\/wp-content\/uploads\/2018\/11\/IMG-0713-1-e1542967286671-200x200.jpg\" class=\"attachment-thumbnail size-thumbnail\" alt=\"\" \/><\/a>\n\t\t\t<\/div><\/figure>\n\t\t<\/div>\n\n","protected":false},"excerpt":{"rendered":"<p>Prakti\u010dna delavnica \u2013 primeri iz Japonske Vitka proizvodnja (ang. Lean Production oziroma kraj\u0161e samo LEAN) v svoji osnovi izvira iz obdobja prej\u0161njega stoletja, ko je postala znana \u0161ir\u0161i javnosti preko pojma Toyota Lean Production. Postala je sinonim za na\u010din neprestanega izbolj\u0161evanja na\u0161ega dela preko odprave izgub in neu\u010dinkovitosti, ki jih imamo v delovnih procesih. Z [&hellip;]<\/p>\n","protected":false},"author":2,"featured_media":0,"parent":2,"menu_order":0,"comment_status":"closed","ping_status":"closed","template":"","meta":{"footnotes":""},"class_list":["post-381","page","type-page","status-publish","hentry"],"_links":{"self":[{"href":"https:\/\/iiba.si\/workshops\/wp-json\/wp\/v2\/pages\/381","targetHints":{"allow":["GET"]}}],"collection":[{"href":"https:\/\/iiba.si\/workshops\/wp-json\/wp\/v2\/pages"}],"about":[{"href":"https:\/\/iiba.si\/workshops\/wp-json\/wp\/v2\/types\/page"}],"author":[{"embeddable":true,"href":"https:\/\/iiba.si\/workshops\/wp-json\/wp\/v2\/users\/2"}],"replies":[{"embeddable":true,"href":"https:\/\/iiba.si\/workshops\/wp-json\/wp\/v2\/comments?post=381"}],"version-history":[{"count":21,"href":"https:\/\/iiba.si\/workshops\/wp-json\/wp\/v2\/pages\/381\/revisions"}],"predecessor-version":[{"id":2604,"href":"https:\/\/iiba.si\/workshops\/wp-json\/wp\/v2\/pages\/381\/revisions\/2604"}],"up":[{"embeddable":true,"href":"https:\/\/iiba.si\/workshops\/wp-json\/wp\/v2\/pages\/2"}],"wp:attachment":[{"href":"https:\/\/iiba.si\/workshops\/wp-json\/wp\/v2\/media?parent=381"}],"curies":[{"name":"wp","href":"https:\/\/api.w.org\/{rel}","templated":true}]}}