{"id":29,"date":"2018-08-20T22:12:14","date_gmt":"2018-08-20T22:12:14","guid":{"rendered":"https:\/\/iiba.si\/workshops\/?page_id=29"},"modified":"2025-10-20T14:17:18","modified_gmt":"2025-10-20T14:17:18","slug":"poslovni-primeri-v-digitalni-ekonomiji","status":"publish","type":"page","link":"https:\/\/iiba.si\/workshops\/vstopna\/poslovni-primeri-v-digitalni-ekonomiji\/","title":{"rendered":"Poslovni primeri v digitalni ekonomiji"},"content":{"rendered":"\n<h2 class=\"wp-block-heading\"><em><strong>Kako se pravilno odlo\u010diti ob predlogih projektnih digitalnih investicij?<\/strong><\/em><\/h2>\n\n\n\n<p>Viri va\u0161ega podjetja so preve\u010d dragoceni, da bi jih porabili brez ustreznih u\u010dinkov, \u00a0konkuren\u010dna prednost pa preve\u010d te\u017eko pridobljena, da bi jo slabili z napa\u010dnimi odlo\u010ditvami. Oboje je \u0161e toliko bolj pomembno v razmerah digitalne ekonomije, ki prina\u0161a nove tehnologije, nove poslovne modele in nove vrste sprememb poslovanja. Vse to zahteva tudi nove pristope pri utemeljevanju investicij. Klasi\u010dni poslovni primer (Business Case) ni ve\u010d dovolj, saj je potrebno prera\u010dunavanje (notranje) donosnosti projektov nadgraditi z vidiki ustvarjanja razli\u010dnih oblik vrednosti za kupce in vse dele\u017enike podjetje.<\/p>\n\n\n\n<h3 class=\"wp-block-heading\" id=\"za_koga\"><strong>Komu je delavnica namenjena?<\/strong><\/h3>\n\n\n\n<ul class=\"wp-block-list\">\n<li>Odlo\u010devalcem o investicijah v (digitalne) projekte<\/li>\n\n\n\n<li>Vodjem digitalnega poslovanja<\/li>\n\n\n\n<li>Vodjem informatike<\/li>\n\n\n\n<li>Vodjem projektnih pisarn<\/li>\n\n\n\n<li>Direktorjem projektov in projektnim vodjem<\/li>\n\n\n\n<li>Poslovnim analitikom<\/li>\n<\/ul>\n\n\n\n<h3 class=\"wp-block-heading\" id=\"kaj_pridobite\"><strong>Zakaj te delavnice zares ne smete zamuditi<\/strong><\/h3>\n\n\n\n<ul class=\"wp-block-list\">\n<li>Ker boste pridobili vzorec dokumenta Poslovnega primera (Business case) in Digitalnega primera uporabe (Digital use case)<\/li>\n\n\n\n<li>Ker se ne bomo spu\u0161\u010dali v matemati\u010dne formule izra\u010duna donosnosti, temve\u010d bomo namesto tega analizirali in z novostmi nadgradili poslovno pomembne dele Poslovnega primera (Business Case).<\/li>\n\n\n\n<li>Ker boste bolje znali utemeljiti upravi\u010denost investicij v digitalne projekte.<\/li>\n<\/ul>\n\n\n\n<h3 class=\"wp-block-heading\"><strong>Kratek opis delavnice (vsebina)<\/strong><\/h3>\n\n\n\n<p>Poslovni primer je del \u0161ir\u0161ih aktivnosti poslovne priprave projekta, zato si bomo najprej pogledali ta njegov \u0161ir\u0161i okvir. Ker je poslovni primer temeljni dokument, na podlagi katerega se odlo\u010damo za potrditev\/zavrnitev izvedbe projekta, je potrebno dobro razumeti vse njegove elemente. Zato bomo nadgradili klasi\u010dno razumevanje, da poslovni primer slu\u017ei predvsem izra\u010dunu donosnosti investicije in potrditvi projekta glede na le-to, z novej\u0161imi utemeljitvami njegovega pomena v digitalni ekonomiji. S tem namenom bomo spoznali Digitalnega primera uporabe, ki predstavlja podlago za Poslovni primer,<\/p>\n\n\n\n<h3 class=\"wp-block-heading\"><strong>Metode dela (potek dela<\/strong>)<\/h3>\n\n\n\n<p>Interaktivno predavanje z elementi delavnice bo potekalo v 3 delih:<\/p>\n\n\n\n<ul class=\"wp-block-list\">\n<li>Najprej si bomo pogledali vsebinska izhodi\u0161\u010da povezana z zna\u010dilnostmi digitalnega poslovanja.<\/li>\n\n\n\n<li>Nato bomo spoznali vzorec Digitalnega primera in naredili vajo ter vse skupaj povezali z vzorcem poslovnega primera (Business case).<\/li>\n\n\n\n<li>Zaklju\u010dili bomo z va\u0161imi vpra\u0161anji in primeri.<\/li>\n<\/ul>\n\n\n\n<h3 class=\"wp-block-heading\"><strong>Povezane kompetence<\/strong><\/h3>\n\n\n\n<ul class=\"wp-block-list\">\n<li>Videti \u0161ir\u0161o sliko<\/li>\n\n\n\n<li>Spodbujanje sodelovanja<\/li>\n<\/ul>\n\n\n\n<h3 class=\"wp-block-heading\"><strong>Predavatelj<\/strong><\/h3>\n\n\n\n<p>Ale\u0161 \u0160tempihar je digitalni strateg in inovator poslovnih modelov. Kot digitalni strateg pomagala podjetjem pri pripravi digitalne strategije in roadmap-a njene izvedbe, kot inovator kreira nove poslovne modele, kot poslovni analitik skrbi za poslovno utemeljitev digitalnih projektov in z ve\u010d kot 20 letnimi izku\u0161njami na podro\u010dju projektnega vodenja pa je mentor in skrbnik izvedbe digitalnih projektov. Ale\u0161 je tudi vodilni avtor Digitalne zaobljube, kot predsednik IIBA Slovenija pa njen predstavnik v Digital Innovation Hub Slovenia. Ale\u0161 o digitalnem poslovanju predava na doma\u010dih in mednarodnih konferencah.<\/p>\n\n\n\n<h3 class=\"wp-block-heading\"><strong>Lokacija in termin<\/strong><\/h3>\n\n\n\n<p>Delavnica traja\u00a0 6 \u0161olskih ur in jo lahko izvedemo virtualno ali v \u017eivo.<\/p>\n\n\n\n<h3 class=\"wp-block-heading\"><strong>Cena<\/strong><\/h3>\n\n\n\n<p>290 EUR + 22% DDV s pla\u010dilom najkasneje dan pred za\u010detkom delavnice (velja za odprto izvedbo).<\/p>\n\n\n\n<h3 class=\"wp-block-heading\"><strong>Prijava<\/strong><\/h3>\n\n\n\n<p>Prijavite se lahko preko prijavnega obrazca na desni strani, ali na elektronski naslov: <a href=\"mailto:katarina.veselic@slovenia.iiba.org\">katarina.veselic@slovenia.iiba.org<\/a><\/p>\n\n\n\n<h3 class=\"wp-block-heading\"><strong>Ostale informacije<\/strong><\/h3>\n\n\n\n<p>Delavnico lahko izvedemo tudi pri vas interno, lahko tudi v povezavi z va\u0161im konkretnim digitalnim ali drugim projektom. Delavnico lahko tudi \u00bbrazre\u017eemo\u00ab na druge vsebine povezane z digitalnim poslovanjem in digitalno poslovno preobrazbo.<\/p>\n","protected":false},"excerpt":{"rendered":"<p>Kako se pravilno odlo\u010diti ob predlogih projektnih digitalnih investicij? Viri va\u0161ega podjetja so preve\u010d dragoceni, da bi jih porabili brez ustreznih u\u010dinkov, \u00a0konkuren\u010dna prednost pa preve\u010d te\u017eko pridobljena, da bi jo slabili z napa\u010dnimi odlo\u010ditvami. Oboje je \u0161e toliko bolj pomembno v razmerah digitalne ekonomije, ki prina\u0161a nove tehnologije, nove poslovne modele in nove vrste [&hellip;]<\/p>\n","protected":false},"author":1,"featured_media":0,"parent":2,"menu_order":5,"comment_status":"closed","ping_status":"closed","template":"","meta":{"footnotes":""},"class_list":["post-29","page","type-page","status-publish","hentry"],"_links":{"self":[{"href":"https:\/\/iiba.si\/workshops\/wp-json\/wp\/v2\/pages\/29","targetHints":{"allow":["GET"]}}],"collection":[{"href":"https:\/\/iiba.si\/workshops\/wp-json\/wp\/v2\/pages"}],"about":[{"href":"https:\/\/iiba.si\/workshops\/wp-json\/wp\/v2\/types\/page"}],"author":[{"embeddable":true,"href":"https:\/\/iiba.si\/workshops\/wp-json\/wp\/v2\/users\/1"}],"replies":[{"embeddable":true,"href":"https:\/\/iiba.si\/workshops\/wp-json\/wp\/v2\/comments?post=29"}],"version-history":[{"count":49,"href":"https:\/\/iiba.si\/workshops\/wp-json\/wp\/v2\/pages\/29\/revisions"}],"predecessor-version":[{"id":2607,"href":"https:\/\/iiba.si\/workshops\/wp-json\/wp\/v2\/pages\/29\/revisions\/2607"}],"up":[{"embeddable":true,"href":"https:\/\/iiba.si\/workshops\/wp-json\/wp\/v2\/pages\/2"}],"wp:attachment":[{"href":"https:\/\/iiba.si\/workshops\/wp-json\/wp\/v2\/media?parent=29"}],"curies":[{"name":"wp","href":"https:\/\/api.w.org\/{rel}","templated":true}]}}