{"id":27,"date":"2018-08-20T22:10:56","date_gmt":"2018-08-20T22:10:56","guid":{"rendered":"https:\/\/iiba.si\/workshops\/?page_id=27"},"modified":"2025-10-20T14:24:17","modified_gmt":"2025-10-20T14:24:17","slug":"globine-in-ceri-projektnega-vodenja","status":"publish","type":"page","link":"https:\/\/iiba.si\/workshops\/vstopna\/globine-in-ceri-projektnega-vodenja\/","title":{"rendered":"Globine in \u010deri projektnega vodenja"},"content":{"rendered":"<h2><em><strong>Kako bolje razumeti projektno vodenje in odreagirati na njegove izzive?<\/strong><\/em><\/h2>\n<p>Metodolo\u0161ko procesno znanje projektnega vodenja nam \u0161e ne zagotavlja uspe\u0161nih projektov. Potrebno ga je nadgraditi s \u0161ir\u0161im razumevanjem elementov, ki neposredno in posredno vplivajo na projekte, na pogoje njihove izvedbe in na mo\u017enosti realizacije poslovnih koristi\/u\u010dinkov. Sponzorji projektov se tega pogosto ne zavedajo in vidijo projekte skozi izvedbeno perspektivo in zato tudi obi\u010dajno odgovornost prenesejo v celoti na vodjo projekta. \u010ce \u017eelimo, da bodo na\u0161i projekti (\u0161e) bolj uspe\u0161ni, moramo poglobiti klasi\u010dna projektna znanja predvsem na podro\u010dju poslovne osredoto\u010denosti priprave projekta, tudi za bolj\u0161o podporo sponzorjev. \u010ce poleg tega \u017eelimo, da bodo na\u0161i projekti bolj u\u010dinkoviti, se moramo znati izogniti \u010derem njihove izvedbe ter jo znati pospe\u0161iti. \u00bbTime to market\u00ab je namre\u010d ena klju\u010dnih metrik dana\u0161njih projektov.<\/p>\n<h3 id=\"za_koga\"><strong>Komu je delavnica namenjena?<\/strong><\/h3>\n<ul>\n<li>Vodjem portfeljev projektov in Programskim vodjem<\/li>\n<li>Vodjem projektnih pisarn<\/li>\n<li>Direktorjem projektov in Projektnim vodjem (tudi izku\u0161enim)<\/li>\n<li>Poslovnim analitikom<\/li>\n<\/ul>\n<h3 id=\"kaj_pridobite\"><strong>Zakaj te delavnice zares ne smete zamuditi<\/strong><\/h3>\n<ul>\n<li>Ker bomo nadgradili projektno metodologijo tako, da boste za vsako fazo projekta pridobili konkretne napotke, ki bistveno vplivajo nanje in na va\u0161e vsakdanje PM delo (ne glede ali je to klasi\u010dno ali agilno).<\/li>\n<li>Ker boste razumeli projektno vodenje globlje in boste bolje pripravljeni na pasti ter \u010deri projektnega dela. Pri tem pa se boste \u0161e nasmejali naslovom posameznih tem, a se nato tudi zamislili, ko bodo teme resno obravnavane.<\/li>\n<li>Ker boste po delavnici va\u0161e projekte prav gotovo obvladovali bolj uspe\u0161no in u\u010dinkovito.<\/li>\n<\/ul>\n<h3><strong>Kratek opis delavnice (vsebina)<\/strong><\/h3>\n<p>Temelje projektnega dela in projektnega vodenja, bomo nadgradili in jih prikazani z druga\u010dnih izhodi\u0161\u010d in na druga\u010den na\u010din. Nekatere podteme bodo malo provokativne, kot npr. \u00bbAli prioritiziramo ali simuliramo\u00ab, nekatere malce hudomu\u0161ne, kot npr. \u00bbKdo je na\u0161 projektni \u2018pape\u017e\u2019 in kdo \u2018bog\u2019 \u2013 h komu \u2018molimo\u2019 za bolj\u0161i rezultat projekta in kdo nam lahko nalo\u017ei \u2018pokoro\u2019. Skozi njih bomo opozorili na nevarnosti posamezne projektne faze in zanje podali re\u0161itve in prakti\u010dne nasvete za uspe\u0161nej\u0161e in u\u010dinkovitej\u0161e delo na projektih.<\/p>\n<h3><i class=\"fa fa-cogs text-warning\" aria-hidden=\"true\"><\/i>\u00a0<strong>Metode dela (potek dela)<\/strong><\/h3>\n<p>Delavnica bo potekala v interaktivnem stiku z udele\u017eenci, ki bodo analizirali in komentirali konkretne nasvete predavatelja, ki se bodo nana\u0161ali tako na posamezne projektne faze, kot na \u0161ir\u0161e pogoje projektnega dela. Q&amp;A del tako ne bo na koncu, temve\u010d med celotno delavnico. Izvedli bomo tudi nekaj prakti\u010dnih vaj. Vseskozi bo poudarek na uporabnosti pridobljenega znanja v vsakodnevnem projektnem delu za njegove razli\u010dne vloge in nivoje (upravljanje, vodenje, izvajanje).<\/p>\n<h3><strong>Povezane kompetence<\/strong><\/h3>\n<ul>\n<li>Videti \u0161ir\u0161o sliko<\/li>\n<li>Razmi\u0161ljati izven okvira<\/li>\n<\/ul>\n<h3><i class=\"fa fa-microphone text-warning\" aria-hidden=\"true\"><\/i><strong>\u00a0Predavatelj<\/strong><\/h3>\n<p>Ale\u0161 \u0160tempihar ima na podro\u010dju izvajanja projektov ve\u010d kot 20 letne prakti\u010dne izku\u0161nje, od tega izobra\u017euje podjetja iz razli\u010dnih panog \u017ee 10 let. Njegova primerjalna prednost pred drugimi predavatelji na tem podro\u010dju je celovito tri-nivojsko razumevanje projektnega vodenja in 360 stopinjski pogled na projekte:\u00a0 management pogled (benefit realization), pogled projektnega vodenja (project management), poslovno analiti\u010dni pogled (business needs, business case, stakeholder analysis) in informacijski pogled (tools). Njegova predavanja so zanimiva in z veliko AHA spoznanji, tudi za izku\u0161ene projektne vodje. Ale\u0161 predava tudi na projektnih konferencah v tujini in je tudi sam organizator konference Projektno vodenje v praksi, ki bo naslednje leto \u017ee 10. po vrsti. Je \u010dlan PMI, ZPM, Agile Alliance.<\/p>\n<h3><i class=\"fa fa-map-o text-warning\" aria-hidden=\"true\"><\/i><strong>\u00a0Lokacija in termin<\/strong><\/h3>\n<p>Delavnica traja\u00a0 8 \u0161olskih ur. Izvedemo jo lahko v \u017eivo ali virtualno.<\/p>\n<h3><i class=\"fa fa-money text-warning\" aria-hidden=\"true\"><\/i><strong>\u00a0Cena<\/strong><\/h3>\n<p>290 EUR + 22% DDV (cena velja za odprto izvedbo).<\/p>\n<h3><i class=\"fa fa-sign-in text-warning\" aria-hidden=\"true\"><\/i><strong>\u00a0Prijava<\/strong><\/h3>\n<p>Prijavite se lahko preko prijavnega obrazca na desni strani, ali na elektronski naslov: <a href=\"mailto:katarina.veselic@slovenia.iiba.org\">katarina.veselic@slovenia.iiba.org<\/a><\/p>\n<h3><i class=\"fa fa-info-circle text-warning\" aria-hidden=\"true\"><\/i><strong>\u00a0Ostale informacije<\/strong><\/h3>\n<p>Delavnico lahko izvedemo tudi pri vas interno, lahko tudi v povezavi z va\u0161im konkretnim projektom. Delavnico lahko tudi \u00bbrazre\u017eemo\u00ab na vsebine, ki so primerne za razli\u010dne dele\u017enike iz projektnega sveta, tudi za uprave podjetij.<\/p>\n","protected":false},"excerpt":{"rendered":"<p>Kako bolje razumeti projektno vodenje in odreagirati na njegove izzive? Metodolo\u0161ko procesno znanje projektnega vodenja nam \u0161e ne zagotavlja uspe\u0161nih projektov. Potrebno ga je nadgraditi s \u0161ir\u0161im razumevanjem elementov, ki neposredno in posredno vplivajo na projekte, na pogoje njihove izvedbe in na mo\u017enosti realizacije poslovnih koristi\/u\u010dinkov. Sponzorji projektov se tega pogosto ne zavedajo in vidijo [&hellip;]<\/p>\n","protected":false},"author":1,"featured_media":0,"parent":2,"menu_order":3,"comment_status":"closed","ping_status":"closed","template":"","meta":{"footnotes":""},"class_list":["post-27","page","type-page","status-publish","hentry"],"_links":{"self":[{"href":"https:\/\/iiba.si\/workshops\/wp-json\/wp\/v2\/pages\/27","targetHints":{"allow":["GET"]}}],"collection":[{"href":"https:\/\/iiba.si\/workshops\/wp-json\/wp\/v2\/pages"}],"about":[{"href":"https:\/\/iiba.si\/workshops\/wp-json\/wp\/v2\/types\/page"}],"author":[{"embeddable":true,"href":"https:\/\/iiba.si\/workshops\/wp-json\/wp\/v2\/users\/1"}],"replies":[{"embeddable":true,"href":"https:\/\/iiba.si\/workshops\/wp-json\/wp\/v2\/comments?post=27"}],"version-history":[{"count":62,"href":"https:\/\/iiba.si\/workshops\/wp-json\/wp\/v2\/pages\/27\/revisions"}],"predecessor-version":[{"id":2618,"href":"https:\/\/iiba.si\/workshops\/wp-json\/wp\/v2\/pages\/27\/revisions\/2618"}],"up":[{"embeddable":true,"href":"https:\/\/iiba.si\/workshops\/wp-json\/wp\/v2\/pages\/2"}],"wp:attachment":[{"href":"https:\/\/iiba.si\/workshops\/wp-json\/wp\/v2\/media?parent=27"}],"curies":[{"name":"wp","href":"https:\/\/api.w.org\/{rel}","templated":true}]}}